mmon divisor of 427 and 831353201?
427
What is the greatest common factor of 23 and 138613249?
23
What is the greatest common factor of 383586 and 546?
42
What is the greatest common factor of 57912542 and 2?
2
Calculate the highest common factor of 27143333 and 21.
7
What is the highest common factor of 60 and 96658530?
30
What is the greatest common factor of 5775719 and 10468?
2617
What is the greatest common factor of 162500 and 76700?
1300
What is the greatest common factor of 531 and 2908593?
9
What is the highest common factor of 113573683 and 37?
37
Calculate the greatest common factor of 85 and 143112817.
17
What is the highest common factor of 14287 and 32305?
91
Calculate the highest common factor of 1026498 and 256398.
906
Calculate the highest common factor of 192 and 643575696.
48
Calculate the highest common divisor of 4785351 and 1.
1
Calculate the greatest common divisor of 10252 and 1989354.
466
What is the greatest common factor of 19733 and 5383?
7
What is the highest common divisor of 6840 and 1692499860?
3420
Calculate the greatest common divisor of 824656 and 14308.
28
Calculate the highest common divisor of 1897291 and 176.
11
Calculate the greatest common factor of 5072096 and 496.
496
What is the highest common factor of 8 and 55184648?
8
Calculate the greatest common divisor of 29884 and 15965527.
7471
What is the highest common factor of 29359697 and 527?
527
Calculate the greatest common divisor of 9958590 and 135.
45
What is the greatest common factor of 591537359 and 98?
49
What is the greatest common divisor of 4 and 1365840?
4
What is the highest common divisor of 45454352 and 7696?
592
Calculate the highest common factor of 7250851 and 27041.
3863
Calculate the highest common factor of 75 and 4975545.
15
Calculate the greatest common divisor of 6 and 25606470.
6
What is the highest common factor of 1002 and 179772?
6
What is the highest common factor of 280519 and 513?
1
What is the greatest common divisor of 1890060610 and 3578?
3578
What is the highest common factor of 126650208 and 96?
96
What is the greatest common factor of 61701591 and 3246?
1623
What is the greatest common factor of 14416832 and 256?
64
What is the greatest common divisor of 7934189 and 119?
17
What is the highest common factor of 11890 and 196390?
410
Calculate the highest common divisor of 125678 and 41501.
47
What is the greatest common factor of 369 and 1341063?
9
Calculate the greatest common factor of 15259946 and 871.
13
Calculate the greatest common factor of 62738 and 53885338.
3302
What is the highest common factor of 82 and 40663226?
82
Calculate the greatest common divisor of 1638 and 564242679.
819
What is the greatest common factor of 147 and 313179?
3
Calculate the highest common factor of 989 and 6044639.
43
What is the greatest common divisor of 800366 and 11074?
98
Calculate the greatest common divisor of 65586353 and 79.
79
Calculate the highest common factor of 1192418748 and 3048.
1524
Calculate the highest common factor of 366319 and 1106566.
1087
What is the greatest common factor of 3141138 and 98?
14
Calculate the highest common divisor of 146 and 703465960.
146
What is the greatest common factor of 864 and 2240352?
864
Calculate the greatest common factor of 37605379 and 5614.
2807
What is the highest common divisor of 1512605 and 11470945?
4285
What is the greatest common factor of 116351358 and 1896?
474
Calculate the highest common divisor of 132608 and 88578.
518
Calculate the greatest common factor of 18900 and 1267700.
700
What is the highest common divisor of 22 and 82176589?
11
Calculate the greatest common factor of 6227226 and 27.
27
What is the greatest common divisor of 1161 and 5459667?
129
Calculate the greatest common factor of 248773 and 1519.
49
Calculate the greatest common factor of 10490164 and 25994.
634
Calculate the highest common factor of 13949335 and 212.
53
What is the highest common factor of 91829988 and 34?
34
What is the greatest common divisor of 14169 and 384?
3
What is the greatest common factor of 414460 and 692852?
1564
Calculate the greatest common divisor of 16 and 126030992.
16
Calculate the highest common factor of 272612 and 431284.
844
Calculate the greatest common divisor of 6864 and 32400654.
858
Calculate the highest common factor of 489907 and 143.
11
What is the greatest common factor of 276720 and 375878?
2306
What is the greatest common factor of 8313 and 208966652?
2771
What is the greatest common divisor of 996 and 63903858?
498
Calculate the highest common factor of 2255616 and 2688.
384
Calculate the highest common factor of 65 and 10881845.
65
Calculate the highest common factor of 300 and 99613650.
150
Calculate the greatest common factor of 2488184643 and 483.
483
Calculate the greatest common factor of 5520 and 25139460.
1380
Calculate the greatest common divisor of 4608 and 169041920.
512
Calculate the greatest common divisor of 12826 and 27434.
22
What is the greatest common factor of 140 and 509593420?
140
What is the highest common divisor of 26784 and 566277?
93
Calculate the greatest common factor of 10251709 and 338.
169
Calculate the greatest common divisor of 1496553 and 13157.
223
Calculate the highest common divisor of 16212 and 16548.
84
Calculate the greatest common divisor of 30797136 and 54.
18
What is the highest common divisor of 1807350 and 66?
6
Calculate the greatest common factor of 22062078 and 228.
114
Calculate the greatest common factor of 4012 and 4179501.
1003
What is the greatest common divisor of 4266755 and 12559?
661
What is the highest common factor of 4631 and 18697873?
421
Calculate the greatest common factor of 1240 and 80615500.
620
Calculate the greatest common factor of 205 and 356245.
5
Calculate the greatest common factor of 16335 and 3520935.
1485
What is the greatest common divisor of 240679667 and 10372?
2593
What is the greatest common factor of 417228 and 128548?
28
Calculate the highest common factor of 5998135 and 56485.
715
What is the highest common factor of 3119 and 158729029?
3119
Calculate the highest common factor of 6742505 and 858220.
4565
What is the greatest common factor of 10870 and 57490?
10
What is the greatest common factor of 1377 and 11529?
27
What is the highest common factor of 2470 and 24048635?
65
Calculate the greatest common divisor of 9751121 and 892.
223
What is the greatest common divisor of 390 and 6681935?
65
What is the greatest common factor of 410047 and 7744?
11
What is the greatest common divisor of 52299 and 3897?
9
What is the greatest common divisor of 17366660 and 320?
20
What is the highest common divisor of 234 and 6570954?
234
What is the highest common factor of 26 and 426413?
13
What is the highest common divisor of 1218312 and 472?
8
What is the highest common divisor of 4884552 and 42960?
4296
What is the greatest common factor of 15777398 and 546?
182
Calculate the greatest common divisor of 438 and 8028102.
438
Calculate the greatest common factor of 5274 and 81037647.
2637
Calculate the highest common factor of 35123424 and 672.
672
What is the greatest common factor of 16190865 and 105?
15
What is the highest common divisor of 972883432 and 3076?
3076
What is the greatest common divisor of 1913520 and 8211?
357
What is the highest common divisor of 1485 and 41345505?
135
Calculate the highest common divisor of 10125 and 7778835.
405
What is the greatest common divisor of 3418 and 1138?
2
Calculate the highest common factor of 61072 and 4994.
22
Calculate the highest common divisor of 2024 and 162196.
92
Calculate the greatest common factor of 46 and 74083598.
46
What is the greatest common divisor of 84622076 and 924?
308
Calculate the greatest common factor of 1517281 and 144596.
977
What is the highest common divisor of 837738 and 9702?
198
What is the highest common divisor of 316185 and 9777660?
1605
Calculate the greatest common factor of 201529207 and 319.
319
What is the highest common divisor of 461416 and 139192?
1096
Calculate the highest common factor of 797866 and 86.
2
Calculate the highest common factor of 12306489 and 52.
13
Calculate the greatest common divisor of 28391363 and 30371.
2761
What is the greatest common factor of 7192122 and 18